{"version":"1.0","provider_name":"da.news","provider_url":"https:\/\/da.news\/es\/","title":"Concierto barroco en Eberstadt - da.news","type":"rich","width":600,"height":338,"html":"<blockquote class=\"wp-embedded-content\" data-secret=\"FolLjOL74L\"><a href=\"https:\/\/da.news\/es\/concierto-barroco-en-eberstadt\/\">Concierto barroco en Eberstadt<\/a><\/blockquote><iframe sandbox=\"allow-scripts\" security=\"restricted\" src=\"https:\/\/da.news\/es\/concierto-barroco-en-eberstadt\/empotrar\/#?secret=FolLjOL74L\" width=\"600\" height=\"338\" title=\"&quot;Concierto barroco en Eberstadt&quot; &#x2013; da.news\" data-secret=\"FolLjOL74L\" frameborder=\"0\" marginwidth=\"0\" marginheight=\"0\" scrolling=\"no\" class=\"wp-embedded-content\"><\/iframe><script>\n\/*! This file is auto-generated *\/\n!function(d,l){\"use strict\";l.querySelector&&d.addEventListener&&\"undefined\"!=typeof URL&&(d.wp=d.wp||{},d.wp.receiveEmbedMessage||(d.wp.receiveEmbedMessage=function(e){var t=e.data;if((t||t.secret||t.message||t.value)&&!\/[^a-zA-Z0-9]\/.test(t.secret)){for(var s,r,n,a=l.querySelectorAll('iframe[data-secret=\"'+t.secret+'\"]'),o=l.querySelectorAll('blockquote[data-secret=\"'+t.secret+'\"]'),c=new RegExp(\"^https?:$\",\"i\"),i=0;i<o.length;i++)o[i].style.display=\"none\";for(i=0;i<a.length;i++)s=a[i],e.source===s.contentWindow&&(s.removeAttribute(\"style\"),\"height\"===t.message?(1e3<(r=parseInt(t.value,10))?r=1e3:~~r<200&&(r=200),s.height=r):\"link\"===t.message&&(r=new URL(s.getAttribute(\"src\")),n=new URL(t.value),c.test(n.protocol))&&n.host===r.host&&l.activeElement===s&&(d.top.location.href=t.value))}},d.addEventListener(\"message\",d.wp.receiveEmbedMessage,!1),l.addEventListener(\"DOMContentLoaded\",function(){for(var e,t,s=l.querySelectorAll(\"iframe.wp-embedded-content\"),r=0;r<s.length;r++)(t=(e=s[r]).getAttribute(\"data-secret\"))||(t=Math.random().toString(36).substring(2,12),e.src+=\"#?secret=\"+t,e.setAttribute(\"data-secret\",t)),e.contentWindow.postMessage({message:\"ready\",secret:t},\"*\")},!1)))}(window,document);\n\/\/# sourceURL=https:\/\/da.news\/wp-includes\/js\/wp-embed.min.js\n<\/script>\n","thumbnail_width":2165,"thumbnail_height":1688,"description":"El concierto barroco se centra en obras de Johann Sebastian Bach y George Frideric H\u00e4ndel. El concierto se caracteriza por una interacci\u00f3n multifac\u00e9tica entre el \u00f3rgano, el bar\u00edtono y la trompeta barroca en la \"Presentaci\u00f3n del Se\u00f1or\". Klaus Mertens, bar\u00edtono y uno de los cantantes m\u00e1s distinguidos de la escena barroca mundial, actuar\u00e1 en la Iglesia de San Jos\u00e9. Interpretar\u00e1 cantatas eclesi\u00e1sticas de Bach, selecciones del Himnario de Schemelli y fragmentos del Oratorio de Navidad, complementados con dos conciertos sacros de Heinrich Sch\u00fctz. El programa de H\u00e4ndel incluye \"La trompeta sonar\u00e1\" de El Mes\u00edas. Durante cuatro d\u00e9cadas, el bar\u00edtono ha sido celebrado, y su voz expresiva y radiante ha sido muy valorada. La trompetista solista Astrid Brachtendorf es una artista invitada frecuente, no solo en Alemania, sino tambi\u00e9n a nivel internacional. La m\u00fasica barroca es un tema central de su repertorio, junto con la m\u00fasica rom\u00e1ntica. En este concierto, dar\u00e1 vida a los sonidos barrocos y acompa\u00f1ar\u00e1 \"La Trompeta Sonar\u00e1\". Interpretar\u00e1 la Sonata Seconda de Giovanni Buonaventura Viviani. Jorin Sandau, cantor regional de la Iglesia de San Luis de Darmstadt, tocar\u00e1 el \u00f3rgano. Acompa\u00f1ar\u00e1 a los solistas en el restaurado \u00f3rgano de El Bosco y complementar\u00e1 el programa con obras para \u00f3rgano. La parroquia cat\u00f3lica y el Comit\u00e9 de M\u00fasica de la Iglesia les invitan cordialmente a este gran concierto barroco. Agradecemos a la Fundaci\u00f3n Dotter su apoyo a este concierto. Iglesia de San Jos\u00e9, Gabelsbergerstra\u00dfe, Darmstadt-Eberstadt. (EBERSTADT \u2013 Fundaci\u00f3n Dotter)"}

El concierto barroco se centra en obras de Johann Sebastian Bach y George Frideric Händel. El concierto se caracteriza por una interacción multifacética entre el órgano, el barítono y la trompeta barroca en la "Presentación del Señor". Klaus Mertens, barítono y uno de los cantantes más distinguidos de la escena barroca mundial, actuará en la Iglesia de San José. Interpretará cantatas eclesiásticas de Bach, selecciones del Himnario de Schemelli y fragmentos del Oratorio de Navidad, complementados con dos conciertos sacros de Heinrich Schütz. El programa de Händel incluye "La trompeta sonará" de El Mesías. Durante cuatro décadas, el barítono ha sido celebrado, y su voz expresiva y radiante ha sido muy valorada. La trompetista solista Astrid Brachtendorf es una artista invitada frecuente, no solo en Alemania, sino también a nivel internacional. La música barroca es un tema central de su repertorio, junto con la música romántica. En este concierto, dará vida a los sonidos barrocos y acompañará "La Trompeta Sonará". Interpretará la Sonata Seconda de Giovanni Buonaventura Viviani. Jorin Sandau, cantor regional de la Iglesia de San Luis de Darmstadt, tocará el órgano. Acompañará a los solistas en el restaurado órgano de El Bosco y complementará el programa con obras para órgano. La parroquia católica y el Comité de Música de la Iglesia les invitan cordialmente a este gran concierto barroco. Agradecemos a la Fundación Dotter su apoyo a este concierto. Iglesia de San José, Gabelsbergerstraße, Darmstadt-Eberstadt. (EBERSTADT – Fundación Dotter)
