{"version":"1.0","provider_name":"da.news","provider_url":"https:\/\/da.news\/es\/","title":"Un alegre concierto de \u00f3rgano en el Festival del Vino de Darmstadt en St. Ludwig - da.news","type":"rich","width":600,"height":338,"html":"<blockquote class=\"wp-embedded-content\" data-secret=\"lkeZl5v6KL\"><a href=\"https:\/\/da.news\/es\/un-alegre-concierto-de-organo-para-el-festival-del-vino-de-darmstadt-en-st.-ludwig\/\">Un alegre concierto de &#xF3;rgano para el Festival del Vino de Darmstadt en St. Ludwig<\/a><\/blockquote><iframe sandbox=\"allow-scripts\" security=\"restricted\" src=\"https:\/\/da.news\/es\/un-alegre-concierto-de-organo-para-el-festival-del-vino-de-darmstadt-en-st.-ludwig\/empotrar\/#?secret=lkeZl5v6KL\" width=\"600\" height=\"338\" title=\"&#x201C;Un alegre concierto de &#xF3;rgano en el Festival del Vino de Darmstadt en St. Ludwig&#x201D; &#x2013; da.news\" data-secret=\"lkeZl5v6KL\" frameborder=\"0\" marginwidth=\"0\" marginheight=\"0\" scrolling=\"no\" class=\"wp-embedded-content\"><\/iframe><script>\n\/*! This file is auto-generated *\/\n!function(d,l){\"use strict\";l.querySelector&&d.addEventListener&&\"undefined\"!=typeof URL&&(d.wp=d.wp||{},d.wp.receiveEmbedMessage||(d.wp.receiveEmbedMessage=function(e){var t=e.data;if((t||t.secret||t.message||t.value)&&!\/[^a-zA-Z0-9]\/.test(t.secret)){for(var s,r,n,a=l.querySelectorAll('iframe[data-secret=\"'+t.secret+'\"]'),o=l.querySelectorAll('blockquote[data-secret=\"'+t.secret+'\"]'),c=new RegExp(\"^https?:$\",\"i\"),i=0;i<o.length;i++)o[i].style.display=\"none\";for(i=0;i<a.length;i++)s=a[i],e.source===s.contentWindow&&(s.removeAttribute(\"style\"),\"height\"===t.message?(1e3<(r=parseInt(t.value,10))?r=1e3:~~r<200&&(r=200),s.height=r):\"link\"===t.message&&(r=new URL(s.getAttribute(\"src\")),n=new URL(t.value),c.test(n.protocol))&&n.host===r.host&&l.activeElement===s&&(d.top.location.href=t.value))}},d.addEventListener(\"message\",d.wp.receiveEmbedMessage,!1),l.addEventListener(\"DOMContentLoaded\",function(){for(var e,t,s=l.querySelectorAll(\"iframe.wp-embedded-content\"),r=0;r<s.length;r++)(t=(e=s[r]).getAttribute(\"data-secret\"))||(t=Math.random().toString(36).substring(2,12),e.src+=\"#?secret=\"+t,e.setAttribute(\"data-secret\",t)),e.contentWindow.postMessage({message:\"ready\",secret:t},\"*\")},!1)))}(window,document);\n\/\/# sourceURL=https:\/\/da.news\/wp-includes\/js\/wp-embed.min.js\n<\/script>\n","thumbnail_width":3024,"thumbnail_height":4032,"description":"Otto Maria Kr\u00e4mer improvisa el 5 de septiembre. El s\u00e1bado 5 de septiembre de 2026, a las 18:00, se celebrar\u00e1 un concierto de \u00f3rgano en la iglesia de San Luis como parte del Festival del Vino de Darmstadt. Titulado \"En un frenes\u00ed de sonido\", el concierto presenta a Otto Maria Kr\u00e4mer tocando el \u00f3rgano Winterhalter en la iglesia de Darmstadt. La entrada es gratuita; se aceptan donaciones. Este concierto tradicional del festival del vino combina piezas alegres y animadas con melod\u00edas melanc\u00f3licas. La improvisaci\u00f3n es protagonista, con Kr\u00e4mer incorporando sugerencias del p\u00fablico y desarrollando las melod\u00edas solicitadas en el \u00f3rgano. Peticiones de melod\u00edas para el concierto de \u00f3rgano de San Luis: Quienes deseen escuchar una melod\u00eda espec\u00edfica pueden enviar su petici\u00f3n por correo electr\u00f3nico a sandau@st-ludwig-darmstadt.de antes del concierto. Alternativamente, los visitantes pueden entregar sus sugerencias en la entrada hasta 15 minutos antes de que comience el concierto. En este caso, los organizadores recomiendan un ejemplo musical. El concierto forma parte de las semanas dedicadas al \u00f3rgano, organizadas en colaboraci\u00f3n con la ciudad de Darmstadt y en el marco del Verano Cultural del Sur de Hesse. Estas semanas cuentan con la financiaci\u00f3n del Ministerio de Ciencia y Arte de Hesse y el apoyo de la Fundaci\u00f3n Cultural Sparkasse de Hesse-Turingia. La entrada es gratuita; se aceptan donaciones. (RED\/PM\/Cantor Regional Jorin Sandau)"}

Un alegre concierto de órgano en el Festival del Vino de Darmstadt en St. Ludwig - da.news

Otto Maria Krämer improvisa el 5 de septiembre. El sábado 5 de septiembre de 2026, a las 18:00, se celebrará un concierto de órgano en la iglesia de San Luis como parte del Festival del Vino de Darmstadt. Titulado "En un frenesí de sonido", el concierto presenta a Otto Maria Krämer tocando el órgano Winterhalter en la iglesia de Darmstadt. La entrada es gratuita; se aceptan donaciones. Este concierto tradicional del festival del vino combina piezas alegres y animadas con melodías melancólicas. La improvisación es protagonista, con Krämer incorporando sugerencias del público y desarrollando las melodías solicitadas en el órgano. Peticiones de melodías para el concierto de órgano de San Luis: Quienes deseen escuchar una melodía específica pueden enviar su petición por correo electrónico a sandau@st-ludwig-darmstadt.de antes del concierto. Alternativamente, los visitantes pueden entregar sus sugerencias en la entrada hasta 15 minutos antes de que comience el concierto. En este caso, los organizadores recomiendan un ejemplo musical. El concierto forma parte de las semanas dedicadas al órgano, organizadas en colaboración con la ciudad de Darmstadt y en el marco del Verano Cultural del Sur de Hesse. Estas semanas cuentan con la financiación del Ministerio de Ciencia y Arte de Hesse y el apoyo de la Fundación Cultural Sparkasse de Hesse-Turingia. La entrada es gratuita; se aceptan donaciones. (RED/PM/Cantor Regional Jorin Sandau)
