{"version":"1.0","provider_name":"da.news","provider_url":"https:\/\/da.news\/es\/","title":"Campa\u00f1a de recogida de basura en Eberstadt-S\u00fcd el 14 de marzo - da.news","type":"rich","width":600,"height":338,"html":"<blockquote class=\"wp-embedded-content\" data-secret=\"EhPw0XpNpH\"><a href=\"https:\/\/da.news\/es\/campana-de-recogida-de-basura-de-eberstadt-sur-2026\/\">Campa&#xF1;a de recogida de basura en Eberstadt-S&#xFC;d el 14 de marzo<\/a><\/blockquote><iframe sandbox=\"allow-scripts\" security=\"restricted\" src=\"https:\/\/da.news\/es\/campana-de-recogida-de-basura-de-eberstadt-sur-2026\/empotrar\/#?secret=EhPw0XpNpH\" width=\"600\" height=\"338\" title=\"&amp;quot;Campa&#xF1;a de recogida de basura en Eberstadt-S&#xFC;d el 14 de marzo&amp;quot; &#x2013; da.news\" data-secret=\"EhPw0XpNpH\" frameborder=\"0\" marginwidth=\"0\" marginheight=\"0\" scrolling=\"no\" class=\"wp-embedded-content\"><\/iframe><script type=\"text\/javascript\">\n\/* <![CDATA[ *\/\n\/*! This file is auto-generated *\/\n!function(d,l){\"use strict\";l.querySelector&&d.addEventListener&&\"undefined\"!=typeof URL&&(d.wp=d.wp||{},d.wp.receiveEmbedMessage||(d.wp.receiveEmbedMessage=function(e){var t=e.data;if((t||t.secret||t.message||t.value)&&!\/[^a-zA-Z0-9]\/.test(t.secret)){for(var s,r,n,a=l.querySelectorAll('iframe[data-secret=\"'+t.secret+'\"]'),o=l.querySelectorAll('blockquote[data-secret=\"'+t.secret+'\"]'),c=new RegExp(\"^https?:$\",\"i\"),i=0;i<o.length;i++)o[i].style.display=\"none\";for(i=0;i<a.length;i++)s=a[i],e.source===s.contentWindow&&(s.removeAttribute(\"style\"),\"height\"===t.message?(1e3<(r=parseInt(t.value,10))?r=1e3:~~r<200&&(r=200),s.height=r):\"link\"===t.message&&(r=new URL(s.getAttribute(\"src\")),n=new URL(t.value),c.test(n.protocol))&&n.host===r.host&&l.activeElement===s&&(d.top.location.href=t.value))}},d.addEventListener(\"message\",d.wp.receiveEmbedMessage,!1),l.addEventListener(\"DOMContentLoaded\",function(){for(var e,t,s=l.querySelectorAll(\"iframe.wp-embedded-content\"),r=0;r<s.length;r++)(t=(e=s[r]).getAttribute(\"data-secret\"))||(t=Math.random().toString(36).substring(2,12),e.src+=\"#?secret=\"+t,e.setAttribute(\"data-secret\",t)),e.contentWindow.postMessage({message:\"ready\",secret:t},\"*\")},!1)))}(window,document);\n\/\/# sourceURL=https:\/\/da.news\/wp-includes\/js\/wp-embed.min.js\n\/* ]]> *\/\n<\/script>\n","thumbnail_width":2560,"thumbnail_height":1703,"description":"C\u00e1ritas te invita a un evento de limpieza en Eberstadt. C\u00e1ritas Eberstadt Sur organiza un evento de recolecci\u00f3n de basura en el distrito Eberstadt Sur el s\u00e1bado 14 de marzo de 2026. Comienza a las 10:00 h frente a C\u00e1ritas en Kirchtanne 33. El evento finalizar\u00e1 alrededor de las 12:30 h con una comida de agradecimiento en el Caf\u00e9 (N)Immersatt. El objetivo del evento es demostrar colectivamente un compromiso con la protecci\u00f3n del medio ambiente y la sostenibilidad, as\u00ed como fortalecer el esp\u00edritu comunitario. Se invita a participar a residentes, escuelas, clubes y otras partes interesadas. Apoyo de socios locales: El evento de recolecci\u00f3n de basura es posible gracias al apoyo de varios socios, entre ellos Bauverein AG, el departamento de servicios municipales, la Fundaci\u00f3n Wilhelm Emmanuel von Ketteler y KatholischLebenEberstadt e.V. Estos contribuyen con apoyo financiero y material para garantizar el \u00e9xito del evento. Adem\u00e1s, la iniciativa cuenta con el compromiso de numerosos voluntarios y colaboradores que colaboran en la planificaci\u00f3n y ejecuci\u00f3n. La campa\u00f1a de recogida de basura forma parte de los esfuerzos para mantener Eberstadt limpio de forma sostenible y fomentar la concienciaci\u00f3n ambiental en el distrito. (RED\/PM)"}

Campaña de recogida de basura en Eberstadt-Süd el 14 de marzo - da.news

Cáritas te invita a un evento de limpieza en Eberstadt. Cáritas Eberstadt Sur organiza un evento de recolección de basura en el distrito Eberstadt Sur el sábado 14 de marzo de 2026. Comienza a las 10:00 h frente a Cáritas en Kirchtanne 33. El evento finalizará alrededor de las 12:30 h con una comida de agradecimiento en el Café (N)Immersatt. El objetivo del evento es demostrar colectivamente un compromiso con la protección del medio ambiente y la sostenibilidad, así como fortalecer el espíritu comunitario. Se invita a participar a residentes, escuelas, clubes y otras partes interesadas. Apoyo de socios locales: El evento de recolección de basura es posible gracias al apoyo de varios socios, entre ellos Bauverein AG, el departamento de servicios municipales, la Fundación Wilhelm Emmanuel von Ketteler y KatholischLebenEberstadt e.V. Estos contribuyen con apoyo financiero y material para garantizar el éxito del evento. Además, la iniciativa cuenta con el compromiso de numerosos voluntarios y colaboradores que colaboran en la planificación y ejecución. La campaña de recogida de basura forma parte de los esfuerzos para mantener Eberstadt limpio de forma sostenible y fomentar la concienciación ambiental en el distrito. (RED/PM)
