{"version":"1.0","provider_name":"da.news","provider_url":"https:\/\/da.news\/fr\/","title":"Darmstadt accueille 42 nouveaux jeunes professionnels","type":"rich","width":600,"height":338,"html":"<blockquote class=\"wp-embedded-content\" data-secret=\"lKJf9UjnoO\"><a href=\"https:\/\/da.news\/fr\/formation-a-darmstadt-pour-jeunes-professionnels-2026\/\">Darmstadt accueille 42 nouveaux jeunes professionnels<\/a><\/blockquote><iframe sandbox=\"allow-scripts\" security=\"restricted\" src=\"https:\/\/da.news\/fr\/formation-a-darmstadt-pour-jeunes-professionnels-2026\/integrer\/#?secret=lKJf9UjnoO\" width=\"600\" height=\"338\" title=\"&#xAB; Darmstadt accueille 42 nouveaux jeunes professionnels &#xBB; &#x2013; da.news\" data-secret=\"lKJf9UjnoO\" frameborder=\"0\" marginwidth=\"0\" marginheight=\"0\" scrolling=\"no\" class=\"wp-embedded-content\"><\/iframe><script>\n\/*! This file is auto-generated *\/\n!function(d,l){\"use strict\";l.querySelector&&d.addEventListener&&\"undefined\"!=typeof URL&&(d.wp=d.wp||{},d.wp.receiveEmbedMessage||(d.wp.receiveEmbedMessage=function(e){var t=e.data;if((t||t.secret||t.message||t.value)&&!\/[^a-zA-Z0-9]\/.test(t.secret)){for(var s,r,n,a=l.querySelectorAll('iframe[data-secret=\"'+t.secret+'\"]'),o=l.querySelectorAll('blockquote[data-secret=\"'+t.secret+'\"]'),c=new RegExp(\"^https?:$\",\"i\"),i=0;i<o.length;i++)o[i].style.display=\"none\";for(i=0;i<a.length;i++)s=a[i],e.source===s.contentWindow&&(s.removeAttribute(\"style\"),\"height\"===t.message?(1e3<(r=parseInt(t.value,10))?r=1e3:~~r<200&&(r=200),s.height=r):\"link\"===t.message&&(r=new URL(s.getAttribute(\"src\")),n=new URL(t.value),c.test(n.protocol))&&n.host===r.host&&l.activeElement===s&&(d.top.location.href=t.value))}},d.addEventListener(\"message\",d.wp.receiveEmbedMessage,!1),l.addEventListener(\"DOMContentLoaded\",function(){for(var e,t,s=l.querySelectorAll(\"iframe.wp-embedded-content\"),r=0;r<s.length;r++)(t=(e=s[r]).getAttribute(\"data-secret\"))||(t=Math.random().toString(36).substring(2,12),e.src+=\"#?secret=\"+t,e.setAttribute(\"data-secret\",t)),e.contentWindow.postMessage({message:\"ready\",secret:t},\"*\")},!1)))}(window,document);\n\/\/# sourceURL=https:\/\/da.news\/wp-includes\/js\/wp-embed.min.js\n<\/script>\n","thumbnail_width":2560,"thumbnail_height":1707,"description":"42 jeunes d\u00e9buteront leur apprentissage, leurs \u00e9tudes en alternance ou leur ann\u00e9e de reconnaissance aupr\u00e8s de la ville de Darmstadt en 2026. Les candidatures pour 2027 sont encore accept\u00e9es jusqu'au 15 septembre."}

42 jeunes débuteront leur apprentissage, leurs études en alternance ou leur année de reconnaissance auprès de la ville de Darmstadt en 2026. Les candidatures pour 2027 sont encore acceptées jusqu'au 15 septembre.
