{"version":"1.0","provider_name":"da.news","provider_url":"https:\/\/da.news\/fr\/","title":"Darmstadt optimise son r\u00e9seau de bus \u00e0 partir du 13 d\u00e9cembre","type":"rich","width":600,"height":338,"html":"<blockquote class=\"wp-embedded-content\" data-secret=\"lLA3PU1R4c\"><a href=\"https:\/\/da.news\/fr\/changement-dhoraires-du-reseau-de-bus-de-darmstadt-en-2026\/\">Darmstadt optimise son r&#xE9;seau de bus suite &#xE0; un changement d&apos;horaires<\/a><\/blockquote><iframe sandbox=\"allow-scripts\" security=\"restricted\" src=\"https:\/\/da.news\/fr\/changement-dhoraires-du-reseau-de-bus-de-darmstadt-en-2026\/integrer\/#?secret=lLA3PU1R4c\" width=\"600\" height=\"338\" title=\"&#xAB; Darmstadt optimise son r&#xE9;seau de bus suite &#xE0; un changement d&apos;horaires &#xBB; &#x2013; da.news\" data-secret=\"lLA3PU1R4c\" frameborder=\"0\" marginwidth=\"0\" marginheight=\"0\" scrolling=\"no\" class=\"wp-embedded-content\"><\/iframe><script>\n\/*! This file is auto-generated *\/\n!function(d,l){\"use strict\";l.querySelector&&d.addEventListener&&\"undefined\"!=typeof URL&&(d.wp=d.wp||{},d.wp.receiveEmbedMessage||(d.wp.receiveEmbedMessage=function(e){var t=e.data;if((t||t.secret||t.message||t.value)&&!\/[^a-zA-Z0-9]\/.test(t.secret)){for(var s,r,n,a=l.querySelectorAll('iframe[data-secret=\"'+t.secret+'\"]'),o=l.querySelectorAll('blockquote[data-secret=\"'+t.secret+'\"]'),c=new RegExp(\"^https?:$\",\"i\"),i=0;i<o.length;i++)o[i].style.display=\"none\";for(i=0;i<a.length;i++)s=a[i],e.source===s.contentWindow&&(s.removeAttribute(\"style\"),\"height\"===t.message?(1e3<(r=parseInt(t.value,10))?r=1e3:~~r<200&&(r=200),s.height=r):\"link\"===t.message&&(r=new URL(s.getAttribute(\"src\")),n=new URL(t.value),c.test(n.protocol))&&n.host===r.host&&l.activeElement===s&&(d.top.location.href=t.value))}},d.addEventListener(\"message\",d.wp.receiveEmbedMessage,!1),l.addEventListener(\"DOMContentLoaded\",function(){for(var e,t,s=l.querySelectorAll(\"iframe.wp-embedded-content\"),r=0;r<s.length;r++)(t=(e=s[r]).getAttribute(\"data-secret\"))||(t=Math.random().toString(36).substring(2,12),e.src+=\"#?secret=\"+t,e.setAttribute(\"data-secret\",t)),e.contentWindow.postMessage({message:\"ready\",secret:t},\"*\")},!1)))}(window,document);\n\/\/# sourceURL=https:\/\/da.news\/wp-includes\/js\/wp-embed.min.js\n<\/script>\n","thumbnail_width":1290,"thumbnail_height":860,"description":"Darmstadt r\u00e9organise son r\u00e9seau de bus avec un changement d'horaires \u00e0 compter du 13 d\u00e9cembre. La ligne WE3 sera mise en service, et d'autres lignes b\u00e9n\u00e9ficieront de nouveaux itin\u00e9raires et d'une fr\u00e9quence accrue."}

Darmstadt optimise son réseau de bus à partir du 13 décembre

Darmstadt réorganise son réseau de bus avec un changement d'horaires à compter du 13 décembre. La ligne WE3 sera mise en service, et d'autres lignes bénéficieront de nouveaux itinéraires et d'une fréquence accrue.
