{"version":"1.0","provider_name":"da.news","provider_url":"https:\/\/da.news\/fr\/","title":"Darmstadt : La police recherche le propri\u00e9taire d'un VTT retrouv\u00e9 - da.news","type":"rich","width":600,"height":338,"html":"<blockquote class=\"wp-embedded-content\" data-secret=\"fiFtZxOsPe\"><a href=\"https:\/\/da.news\/fr\/la-police-de-darmstadt-recherche-le-proprietaire-d-un-vtt-retrouve\/\">Darmstadt : La police recherche le propri&#xE9;taire d&apos;un VTT retrouv&#xE9;<\/a><\/blockquote><iframe sandbox=\"allow-scripts\" security=\"restricted\" src=\"https:\/\/da.news\/fr\/la-police-de-darmstadt-recherche-le-proprietaire-d-un-vtt-retrouve\/encombrer\/#?secret=fiFtZxOsPe\" width=\"600\" height=\"338\" title=\"&#xAB; Darmstadt : La police recherche le propri&#xE9;taire d&amp;#39;un VTT retrouv&#xE9; &#xBB; &#x2013; da.news\" data-secret=\"fiFtZxOsPe\" frameborder=\"0\" marginwidth=\"0\" marginheight=\"0\" scrolling=\"no\" class=\"wp-embedded-content\"><\/iframe><script type=\"text\/javascript\">\n\/* <![CDATA[ *\/\n\/*! This file is auto-generated *\/\n!function(d,l){\"use strict\";l.querySelector&&d.addEventListener&&\"undefined\"!=typeof URL&&(d.wp=d.wp||{},d.wp.receiveEmbedMessage||(d.wp.receiveEmbedMessage=function(e){var t=e.data;if((t||t.secret||t.message||t.value)&&!\/[^a-zA-Z0-9]\/.test(t.secret)){for(var s,r,n,a=l.querySelectorAll('iframe[data-secret=\"'+t.secret+'\"]'),o=l.querySelectorAll('blockquote[data-secret=\"'+t.secret+'\"]'),c=new RegExp(\"^https?:$\",\"i\"),i=0;i<o.length;i++)o[i].style.display=\"none\";for(i=0;i<a.length;i++)s=a[i],e.source===s.contentWindow&&(s.removeAttribute(\"style\"),\"height\"===t.message?(1e3<(r=parseInt(t.value,10))?r=1e3:~~r<200&&(r=200),s.height=r):\"link\"===t.message&&(r=new URL(s.getAttribute(\"src\")),n=new URL(t.value),c.test(n.protocol))&&n.host===r.host&&l.activeElement===s&&(d.top.location.href=t.value))}},d.addEventListener(\"message\",d.wp.receiveEmbedMessage,!1),l.addEventListener(\"DOMContentLoaded\",function(){for(var e,t,s=l.querySelectorAll(\"iframe.wp-embedded-content\"),r=0;r<s.length;r++)(t=(e=s[r]).getAttribute(\"data-secret\"))||(t=Math.random().toString(36).substring(2,12),e.src+=\"#?secret=\"+t,e.setAttribute(\"data-secret\",t)),e.contentWindow.postMessage({message:\"ready\",secret:t},\"*\")},!1)))}(window,document);\n\/\/# sourceURL=https:\/\/da.news\/wp-includes\/js\/wp-embed.min.js\n\/* ]]> *\/\n<\/script>\n","thumbnail_width":1707,"thumbnail_height":1280,"description":"V\u00e9lo retrouv\u00e9 lors d'une enqu\u00eate pour cambriolage. Lors d'une enqu\u00eate pour cambriolage, la police de Darmstadt a retrouv\u00e9 un v\u00e9lo le mardi 13 janvier. Selon les premiers \u00e9l\u00e9ments de l'enqu\u00eate, il s'agirait d'un v\u00e9lo vol\u00e9. Pour l'instant, aucun lien n'a \u00e9t\u00e9 \u00e9tabli entre le v\u00e9lo et le cambriolage ni avec aucun autre crime connu. La police criminelle de Darmstadt lance donc un appel \u00e0 t\u00e9moins afin d'identifier le propri\u00e9taire l\u00e9gitime du v\u00e9lo retrouv\u00e9. Informations concernant le v\u00e9lo\u00a0: Il s'agit d'un VTT Dynamics Gravity Cross Sport. Il est noir avec des touches de rouge et de blanc. Un autocollant \u00e0 l'arri\u00e8re du tube de selle, mentionnant Francfort, est un \u00e9l\u00e9ment distinctif qui pourrait fournir des indices sur son origine ou son utilisateur. Les enqu\u00eateurs n'excluent pas la possibilit\u00e9 que le VTT ait \u00e9t\u00e9 vol\u00e9 il y a quelque temps et n'ait pas encore \u00e9t\u00e9 d\u00e9clar\u00e9 vol\u00e9. Appel \u00e0 t\u00e9moins\u00a0: Toute personne reconnaissant le v\u00e9lo ou disposant d'informations sur son propri\u00e9taire est pri\u00e9e de contacter la police criminelle de Darmstadt au 06151 \/ 969-0. Les revendications de propri\u00e9t\u00e9 doivent \u00eatre \u00e9tay\u00e9es par des documents appropri\u00e9s, tels qu'une facture d'achat, si possible. (DARMSTADT \u2013 RED\/ots)"}

Darmstadt : La police recherche le propriétaire d'un VTT retrouvé - da.news

Vélo retrouvé lors d'une enquête pour cambriolage. Lors d'une enquête pour cambriolage, la police de Darmstadt a retrouvé un vélo le mardi 13 janvier. Selon les premiers éléments de l'enquête, il s'agirait d'un vélo volé. Pour l'instant, aucun lien n'a été établi entre le vélo et le cambriolage ni avec aucun autre crime connu. La police criminelle de Darmstadt lance donc un appel à témoins afin d'identifier le propriétaire légitime du vélo retrouvé. Informations concernant le vélo : Il s'agit d'un VTT Dynamics Gravity Cross Sport. Il est noir avec des touches de rouge et de blanc. Un autocollant à l'arrière du tube de selle, mentionnant Francfort, est un élément distinctif qui pourrait fournir des indices sur son origine ou son utilisateur. Les enquêteurs n'excluent pas la possibilité que le VTT ait été volé il y a quelque temps et n'ait pas encore été déclaré volé. Appel à témoins : Toute personne reconnaissant le vélo ou disposant d'informations sur son propriétaire est priée de contacter la police criminelle de Darmstadt au 06151 / 969-0. Les revendications de propriété doivent être étayées par des documents appropriés, tels qu'une facture d'achat, si possible. (DARMSTADT – RED/ots)
