{"version":"1.0","provider_name":"da.news","provider_url":"https:\/\/da.news\/fr\/","title":"Parlement des jeunes de Darmstadt\u00a0: les \u00e9lections ont commenc\u00e9 \u2013 vote par correspondance jusqu\u2019au 26 septembre.","type":"rich","width":600,"height":338,"html":"<blockquote class=\"wp-embedded-content\" data-secret=\"E4C5wAjzJj\"><a href=\"https:\/\/da.news\/fr\/parlement-des-jeunes-de-darmstadt-elections-2025\/\">La phase &#xE9;lectorale pour le nouveau parlement des jeunes &#xE0; Darmstadt a commenc&#xE9;<\/a><\/blockquote><iframe sandbox=\"allow-scripts\" security=\"restricted\" src=\"https:\/\/da.news\/fr\/parlement-des-jeunes-de-darmstadt-elections-2025\/encombrer\/#?secret=E4C5wAjzJj\" width=\"600\" height=\"338\" title=\"&#xAB; La phase &#xE9;lectorale pour la nouvelle assembl&#xE9;e des jeunes &#xE0; Darmstadt a commenc&#xE9; &#xBB; &#x2013; da.news\" data-secret=\"E4C5wAjzJj\" frameborder=\"0\" marginwidth=\"0\" marginheight=\"0\" scrolling=\"no\" class=\"wp-embedded-content\"><\/iframe><script type=\"text\/javascript\">\n\/* <![CDATA[ *\/\n\/*! This file is auto-generated *\/\n!function(d,l){\"use strict\";l.querySelector&&d.addEventListener&&\"undefined\"!=typeof URL&&(d.wp=d.wp||{},d.wp.receiveEmbedMessage||(d.wp.receiveEmbedMessage=function(e){var t=e.data;if((t||t.secret||t.message||t.value)&&!\/[^a-zA-Z0-9]\/.test(t.secret)){for(var s,r,n,a=l.querySelectorAll('iframe[data-secret=\"'+t.secret+'\"]'),o=l.querySelectorAll('blockquote[data-secret=\"'+t.secret+'\"]'),c=new RegExp(\"^https?:$\",\"i\"),i=0;i<o.length;i++)o[i].style.display=\"none\";for(i=0;i<a.length;i++)s=a[i],e.source===s.contentWindow&&(s.removeAttribute(\"style\"),\"height\"===t.message?(1e3<(r=parseInt(t.value,10))?r=1e3:~~r<200&&(r=200),s.height=r):\"link\"===t.message&&(r=new URL(s.getAttribute(\"src\")),n=new URL(t.value),c.test(n.protocol))&&n.host===r.host&&l.activeElement===s&&(d.top.location.href=t.value))}},d.addEventListener(\"message\",d.wp.receiveEmbedMessage,!1),l.addEventListener(\"DOMContentLoaded\",function(){for(var e,t,s=l.querySelectorAll(\"iframe.wp-embedded-content\"),r=0;r<s.length;r++)(t=(e=s[r]).getAttribute(\"data-secret\"))||(t=Math.random().toString(36).substring(2,12),e.src+=\"#?secret=\"+t,e.setAttribute(\"data-secret\",t)),e.contentWindow.postMessage({message:\"ready\",secret:t},\"*\")},!1)))}(window,document);\n\/\/# sourceURL=https:\/\/da.news\/wp-includes\/js\/wp-embed.min.js\n\/* ]]> *\/\n<\/script>\n","thumbnail_width":2560,"thumbnail_height":1707,"description":"Les jeunes de Darmstadt \u00e9lisent leur nouveau conseil des jeunes. Le vote par correspondance est ouvert jusqu'au 26 septembre, le tirage au sort aura lieu le 30 septembre et les r\u00e9sultats seront annonc\u00e9s le 6 octobre. Participez d\u00e8s maintenant\u00a0!"}

Parlement des jeunes de Darmstadt : les élections ont commencé – vote par correspondance jusqu’au 26 septembre.

Les jeunes de Darmstadt élisent leur nouveau conseil des jeunes. Le vote par correspondance est ouvert jusqu'au 26 septembre, le tirage au sort aura lieu le 30 septembre et les résultats seront annoncés le 6 octobre. Participez dès maintenant !
