{"version":"1.0","provider_name":"da.news","provider_url":"https:\/\/da.news\/fr\/","title":"Soir\u00e9e d'information sur la consommation des m\u00e9dias chez les jeunes","type":"rich","width":600,"height":338,"html":"<blockquote class=\"wp-embedded-content\" data-secret=\"9TvmIRW8aJ\"><a href=\"https:\/\/da.news\/fr\/la-consommation-des-medias-chez-les-jeunes-a-darmstadt\/\">Soir&#xE9;e d&apos;information sur la consommation des m&#xE9;dias chez les jeunes<\/a><\/blockquote><iframe sandbox=\"allow-scripts\" security=\"restricted\" src=\"https:\/\/da.news\/fr\/la-consommation-des-medias-chez-les-jeunes-a-darmstadt\/integrer\/#?secret=9TvmIRW8aJ\" width=\"600\" height=\"338\" title=\"&#xAB; Soir&#xE9;e d&apos;information sur la consommation des m&#xE9;dias chez les jeunes &#xBB; &#x2013; da.news\" data-secret=\"9TvmIRW8aJ\" frameborder=\"0\" marginwidth=\"0\" marginheight=\"0\" scrolling=\"no\" class=\"wp-embedded-content\"><\/iframe><script>\n\/*! This file is auto-generated *\/\n!function(d,l){\"use strict\";l.querySelector&&d.addEventListener&&\"undefined\"!=typeof URL&&(d.wp=d.wp||{},d.wp.receiveEmbedMessage||(d.wp.receiveEmbedMessage=function(e){var t=e.data;if((t||t.secret||t.message||t.value)&&!\/[^a-zA-Z0-9]\/.test(t.secret)){for(var s,r,n,a=l.querySelectorAll('iframe[data-secret=\"'+t.secret+'\"]'),o=l.querySelectorAll('blockquote[data-secret=\"'+t.secret+'\"]'),c=new RegExp(\"^https?:$\",\"i\"),i=0;i<o.length;i++)o[i].style.display=\"none\";for(i=0;i<a.length;i++)s=a[i],e.source===s.contentWindow&&(s.removeAttribute(\"style\"),\"height\"===t.message?(1e3<(r=parseInt(t.value,10))?r=1e3:~~r<200&&(r=200),s.height=r):\"link\"===t.message&&(r=new URL(s.getAttribute(\"src\")),n=new URL(t.value),c.test(n.protocol))&&n.host===r.host&&l.activeElement===s&&(d.top.location.href=t.value))}},d.addEventListener(\"message\",d.wp.receiveEmbedMessage,!1),l.addEventListener(\"DOMContentLoaded\",function(){for(var e,t,s=l.querySelectorAll(\"iframe.wp-embedded-content\"),r=0;r<s.length;r++)(t=(e=s[r]).getAttribute(\"data-secret\"))||(t=Math.random().toString(36).substring(2,12),e.src+=\"#?secret=\"+t,e.setAttribute(\"data-secret\",t)),e.contentWindow.postMessage({message:\"ready\",secret:t},\"*\")},!1)))}(window,document);\n\/\/# sourceURL=https:\/\/da.news\/wp-includes\/js\/wp-embed.min.js\n<\/script>\n","thumbnail_width":1438,"thumbnail_height":1200,"description":"Une soir\u00e9e d'information \u00e0 Darmstadt le 16 septembre permettra de faire la lumi\u00e8re sur les r\u00e9seaux sociaux, les jeux vid\u00e9o, l'intelligence artificielle et la consommation probl\u00e9matique des m\u00e9dias chez les enfants et les jeunes."}

Soirée d'information sur la consommation des médias chez les jeunes

Une soirée d'information à Darmstadt le 16 septembre permettra de faire la lumière sur les réseaux sociaux, les jeux vidéo, l'intelligence artificielle et la consommation problématique des médias chez les enfants et les jeunes.
