{"version":"1.0","provider_name":"da.news","provider_url":"https:\/\/da.news\/it\/","title":"Un allegro concerto d'organo al Festival del Vino di Darmstadt a St. Ludwig - da.news","type":"rich","width":600,"height":338,"html":"<blockquote class=\"wp-embedded-content\" data-secret=\"nfmu6ucR91\"><a href=\"https:\/\/da.news\/it\/un-allegro-concerto-dorgano-per-la-festa-del-vino-di-darmstadt-a-st.-ludwig\/\">Un allegro concerto d&apos;organo in occasione della Festa del Vino di Darmstadt a St. Ludwig<\/a><\/blockquote><iframe sandbox=\"allow-scripts\" security=\"restricted\" src=\"https:\/\/da.news\/it\/un-allegro-concerto-dorgano-per-la-festa-del-vino-di-darmstadt-a-st.-ludwig\/incorporare\/#?secret=nfmu6ucR91\" width=\"600\" height=\"338\" title=\"&#x201C;Un allegro concerto d&apos;organo al Festival del Vino di Darmstadt a St. Ludwig&#x201D; &#x2013; da.news\" data-secret=\"nfmu6ucR91\" frameborder=\"0\" marginwidth=\"0\" marginheight=\"0\" scrolling=\"no\" class=\"wp-embedded-content\"><\/iframe><script>\n\/*! This file is auto-generated *\/\n!function(d,l){\"use strict\";l.querySelector&&d.addEventListener&&\"undefined\"!=typeof URL&&(d.wp=d.wp||{},d.wp.receiveEmbedMessage||(d.wp.receiveEmbedMessage=function(e){var t=e.data;if((t||t.secret||t.message||t.value)&&!\/[^a-zA-Z0-9]\/.test(t.secret)){for(var s,r,n,a=l.querySelectorAll('iframe[data-secret=\"'+t.secret+'\"]'),o=l.querySelectorAll('blockquote[data-secret=\"'+t.secret+'\"]'),c=new RegExp(\"^https?:$\",\"i\"),i=0;i<o.length;i++)o[i].style.display=\"none\";for(i=0;i<a.length;i++)s=a[i],e.source===s.contentWindow&&(s.removeAttribute(\"style\"),\"height\"===t.message?(1e3<(r=parseInt(t.value,10))?r=1e3:~~r<200&&(r=200),s.height=r):\"link\"===t.message&&(r=new URL(s.getAttribute(\"src\")),n=new URL(t.value),c.test(n.protocol))&&n.host===r.host&&l.activeElement===s&&(d.top.location.href=t.value))}},d.addEventListener(\"message\",d.wp.receiveEmbedMessage,!1),l.addEventListener(\"DOMContentLoaded\",function(){for(var e,t,s=l.querySelectorAll(\"iframe.wp-embedded-content\"),r=0;r<s.length;r++)(t=(e=s[r]).getAttribute(\"data-secret\"))||(t=Math.random().toString(36).substring(2,12),e.src+=\"#?secret=\"+t,e.setAttribute(\"data-secret\",t)),e.contentWindow.postMessage({message:\"ready\",secret:t},\"*\")},!1)))}(window,document);\n\/\/# sourceURL=https:\/\/da.news\/wp-includes\/js\/wp-embed.min.js\n<\/script>\n","thumbnail_width":3024,"thumbnail_height":4032,"description":"Otto Maria Kr\u00e4mer si esibir\u00e0 il 5 settembre. Sabato 5 settembre 2026, alle ore 18:00, si terr\u00e0 un concerto d'organo presso la chiesa di San Ludovico, nell'ambito della Festa del Vino di Darmstadt. Il concerto, intitolato \"In un delirio di suoni\", vedr\u00e0 Otto Maria Kr\u00e4mer suonare l'organo Winterhalter della chiesa di Darmstadt. L'ingresso \u00e8 gratuito; le donazioni sono ben accette. Questo tradizionale concerto della festa del vino combina brani allegri e vivaci con melodie malinconiche. L'improvvisazione sar\u00e0 protagonista, con Kr\u00e4mer che incorporer\u00e0 i suggerimenti del pubblico e svilupper\u00e0 le melodie richieste all'organo. Richieste di melodie per il concerto d'organo di San Ludovico: chiunque desideri ascoltare una melodia specifica pu\u00f2 inviare la propria richiesta via e-mail a sandau@st-ludwig-darmstadt.de prima del concerto. In alternativa, i visitatori possono presentare i propri suggerimenti all'ingresso fino a 15 minuti prima dell'inizio del concerto. In questo caso, gli organizzatori consigliano di allegare un esempio musicale. Il concerto si inserisce nel quadro delle Settimane dell'organo, organizzate in collaborazione con la citt\u00e0 di Darmstadt e nell'ambito dell'Estate culturale dell'Assia meridionale. Le Settimane dell'organo sono finanziate dal Ministero della Scienza e delle Arti dell'Assia e sostenute dalla Fondazione culturale Sparkasse dell'Assia-Turingia. L'ingresso \u00e8 gratuito; le donazioni sono ben accette. (RED\/PM\/Cantore regionale Jorin Sandau)"}

Otto Maria Krämer si esibirà il 5 settembre. Sabato 5 settembre 2026, alle ore 18:00, si terrà un concerto d'organo presso la chiesa di San Ludovico, nell'ambito della Festa del Vino di Darmstadt. Il concerto, intitolato "In un delirio di suoni", vedrà Otto Maria Krämer suonare l'organo Winterhalter della chiesa di Darmstadt. L'ingresso è gratuito; le donazioni sono ben accette. Questo tradizionale concerto della festa del vino combina brani allegri e vivaci con melodie malinconiche. L'improvvisazione sarà protagonista, con Krämer che incorporerà i suggerimenti del pubblico e svilupperà le melodie richieste all'organo. Richieste di melodie per il concerto d'organo di San Ludovico: chiunque desideri ascoltare una melodia specifica può inviare la propria richiesta via e-mail a sandau@st-ludwig-darmstadt.de prima del concerto. In alternativa, i visitatori possono presentare i propri suggerimenti all'ingresso fino a 15 minuti prima dell'inizio del concerto. In questo caso, gli organizzatori consigliano di allegare un esempio musicale. Il concerto si inserisce nel quadro delle Settimane dell'organo, organizzate in collaborazione con la città di Darmstadt e nell'ambito dell'Estate culturale dell'Assia meridionale. Le Settimane dell'organo sono finanziate dal Ministero della Scienza e delle Arti dell'Assia e sostenute dalla Fondazione culturale Sparkasse dell'Assia-Turingia. L'ingresso è gratuito; le donazioni sono ben accette. (RED/PM/Cantore regionale Jorin Sandau)
