{"version":"1.0","provider_name":"da.news","provider_url":"https:\/\/da.news\/it\/","title":"Campagna di raccolta dei rifiuti a Eberstadt-S\u00fcd il 14 marzo - da.news","type":"rich","width":600,"height":338,"html":"<blockquote class=\"wp-embedded-content\" data-secret=\"KnZdINCfJJ\"><a href=\"https:\/\/da.news\/it\/campagna-di-raccolta-rifiuti-eberstadt-sud-2026\/\">Campagna di raccolta dei rifiuti a Eberstadt-S&#xFC;d il 14 marzo<\/a><\/blockquote><iframe sandbox=\"allow-scripts\" security=\"restricted\" src=\"https:\/\/da.news\/it\/campagna-di-raccolta-rifiuti-eberstadt-sud-2026\/incorporare\/#?secret=KnZdINCfJJ\" width=\"600\" height=\"338\" title=\"&amp;quot;Campagna di raccolta dei rifiuti a Eberstadt-S&#xFC;d il 14 marzo&amp;quot; &#x2013; da.news\" data-secret=\"KnZdINCfJJ\" frameborder=\"0\" marginwidth=\"0\" marginheight=\"0\" scrolling=\"no\" class=\"wp-embedded-content\"><\/iframe><script type=\"text\/javascript\">\n\/* <![CDATA[ *\/\n\/*! This file is auto-generated *\/\n!function(d,l){\"use strict\";l.querySelector&&d.addEventListener&&\"undefined\"!=typeof URL&&(d.wp=d.wp||{},d.wp.receiveEmbedMessage||(d.wp.receiveEmbedMessage=function(e){var t=e.data;if((t||t.secret||t.message||t.value)&&!\/[^a-zA-Z0-9]\/.test(t.secret)){for(var s,r,n,a=l.querySelectorAll('iframe[data-secret=\"'+t.secret+'\"]'),o=l.querySelectorAll('blockquote[data-secret=\"'+t.secret+'\"]'),c=new RegExp(\"^https?:$\",\"i\"),i=0;i<o.length;i++)o[i].style.display=\"none\";for(i=0;i<a.length;i++)s=a[i],e.source===s.contentWindow&&(s.removeAttribute(\"style\"),\"height\"===t.message?(1e3<(r=parseInt(t.value,10))?r=1e3:~~r<200&&(r=200),s.height=r):\"link\"===t.message&&(r=new URL(s.getAttribute(\"src\")),n=new URL(t.value),c.test(n.protocol))&&n.host===r.host&&l.activeElement===s&&(d.top.location.href=t.value))}},d.addEventListener(\"message\",d.wp.receiveEmbedMessage,!1),l.addEventListener(\"DOMContentLoaded\",function(){for(var e,t,s=l.querySelectorAll(\"iframe.wp-embedded-content\"),r=0;r<s.length;r++)(t=(e=s[r]).getAttribute(\"data-secret\"))||(t=Math.random().toString(36).substring(2,12),e.src+=\"#?secret=\"+t,e.setAttribute(\"data-secret\",t)),e.contentWindow.postMessage({message:\"ready\",secret:t},\"*\")},!1)))}(window,document);\n\/\/# sourceURL=https:\/\/da.news\/wp-includes\/js\/wp-embed.min.js\n\/* ]]> *\/\n<\/script>\n","thumbnail_width":2560,"thumbnail_height":1703,"description":"Il Centro Caritas vi invita a un evento di pulizia a Eberstadt. Il Centro Caritas di Eberstadt Sud organizza un evento di raccolta rifiuti nel quartiere di Eberstadt-Sud sabato 14 marzo 2026. L'evento inizier\u00e0 alle 10:00 davanti al Centro Caritas in Kirchtanne 33. L'evento si concluder\u00e0 intorno alle 12:30 con un pasto di ringraziamento al Caf\u00e9 (N)Immersatt. L'obiettivo dell'evento \u00e8 dimostrare collettivamente l'impegno per la tutela dell'ambiente e la sostenibilit\u00e0, nonch\u00e9 rafforzare lo spirito di comunit\u00e0. Residenti, scuole, associazioni e altre parti interessate sono invitati a partecipare. Supporto di partner locali: l'evento di raccolta rifiuti \u00e8 reso possibile grazie al supporto di diversi partner, tra cui Bauverein AG, l'ufficio servizi comunali, la Fondazione Wilhelm Emmanuel von Ketteler e KatholischLebenEberstadt e.V. Contribuiscono finanziariamente e materialmente al successo dell'evento. Inoltre, l'iniziativa si basa sull'impegno di numerosi volontari e collaboratori che contribuiscono alla pianificazione e all'attuazione. La campagna di raccolta dei rifiuti rientra negli sforzi per mantenere Eberstadt sostenibile e pulita e per rafforzare ulteriormente la consapevolezza ambientale nel distretto. (RED\/PM)"}

Campagna di raccolta dei rifiuti a Eberstadt-Süd il 14 marzo - da.news

Il Centro Caritas vi invita a un evento di pulizia a Eberstadt. Il Centro Caritas di Eberstadt Sud organizza un evento di raccolta rifiuti nel quartiere di Eberstadt-Sud sabato 14 marzo 2026. L'evento inizierà alle 10:00 davanti al Centro Caritas in Kirchtanne 33. L'evento si concluderà intorno alle 12:30 con un pasto di ringraziamento al Café (N)Immersatt. L'obiettivo dell'evento è dimostrare collettivamente l'impegno per la tutela dell'ambiente e la sostenibilità, nonché rafforzare lo spirito di comunità. Residenti, scuole, associazioni e altre parti interessate sono invitati a partecipare. Supporto di partner locali: l'evento di raccolta rifiuti è reso possibile grazie al supporto di diversi partner, tra cui Bauverein AG, l'ufficio servizi comunali, la Fondazione Wilhelm Emmanuel von Ketteler e KatholischLebenEberstadt e.V. Contribuiscono finanziariamente e materialmente al successo dell'evento. Inoltre, l'iniziativa si basa sull'impegno di numerosi volontari e collaboratori che contribuiscono alla pianificazione e all'attuazione. La campagna di raccolta dei rifiuti rientra negli sforzi per mantenere Eberstadt sostenibile e pulita e per rafforzare ulteriormente la consapevolezza ambientale nel distretto. (RED/PM)
