{"version":"1.0","provider_name":"da.news","provider_url":"https:\/\/da.news\/it\/","title":"La festa del vino porta il centro di Darmstadt in un'atmosfera di festa - da.news","type":"rich","width":600,"height":338,"html":"<blockquote class=\"wp-embedded-content\" data-secret=\"DBgVKkl4bs\"><a href=\"https:\/\/da.news\/it\/la-festa-del-vino-mette-la-citta-di-darmstadt-in-unatmosfera-di-festa\/\">La festa del vino mette la citt&#xE0; di Darmstadt in un&apos;atmosfera di festa<\/a><\/blockquote><iframe sandbox=\"allow-scripts\" security=\"restricted\" src=\"https:\/\/da.news\/it\/la-festa-del-vino-mette-la-citta-di-darmstadt-in-unatmosfera-di-festa\/incorporare\/#?secret=DBgVKkl4bs\" width=\"600\" height=\"338\" title=\"&quot;La festa del vino mette il centro di Darmstadt in un&apos;atmosfera di festa&quot; &#x2013; da.news\" data-secret=\"DBgVKkl4bs\" frameborder=\"0\" marginwidth=\"0\" marginheight=\"0\" scrolling=\"no\" class=\"wp-embedded-content\"><\/iframe><script>\n\/*! This file is auto-generated *\/\n!function(d,l){\"use strict\";l.querySelector&&d.addEventListener&&\"undefined\"!=typeof URL&&(d.wp=d.wp||{},d.wp.receiveEmbedMessage||(d.wp.receiveEmbedMessage=function(e){var t=e.data;if((t||t.secret||t.message||t.value)&&!\/[^a-zA-Z0-9]\/.test(t.secret)){for(var s,r,n,a=l.querySelectorAll('iframe[data-secret=\"'+t.secret+'\"]'),o=l.querySelectorAll('blockquote[data-secret=\"'+t.secret+'\"]'),c=new RegExp(\"^https?:$\",\"i\"),i=0;i<o.length;i++)o[i].style.display=\"none\";for(i=0;i<a.length;i++)s=a[i],e.source===s.contentWindow&&(s.removeAttribute(\"style\"),\"height\"===t.message?(1e3<(r=parseInt(t.value,10))?r=1e3:~~r<200&&(r=200),s.height=r):\"link\"===t.message&&(r=new URL(s.getAttribute(\"src\")),n=new URL(t.value),c.test(n.protocol))&&n.host===r.host&&l.activeElement===s&&(d.top.location.href=t.value))}},d.addEventListener(\"message\",d.wp.receiveEmbedMessage,!1),l.addEventListener(\"DOMContentLoaded\",function(){for(var e,t,s=l.querySelectorAll(\"iframe.wp-embedded-content\"),r=0;r<s.length;r++)(t=(e=s[r]).getAttribute(\"data-secret\"))||(t=Math.random().toString(36).substring(2,12),e.src+=\"#?secret=\"+t,e.setAttribute(\"data-secret\",t)),e.contentWindow.postMessage({message:\"ready\",secret:t},\"*\")},!1)))}(window,document);\n\/\/# sourceURL=https:\/\/da.news\/wp-includes\/js\/wp-embed.min.js\n<\/script>\n","thumbnail_width":1731,"thumbnail_height":1154,"description":"Vino, shopping e attivit\u00e0 per famiglie dal 3 al 6 settembre \u2013 apertura domenicale dei negozi dalle 13:00 alle 18:00. Per quattro giorni, il centro di Darmstadt si trasformer\u00e0 ancora una volta in un paradiso di delizie culinarie ed esperienze: da gioved\u00ec 3 settembre a domenica 6 settembre, il Darmstadt Wine Festival invita i visitatori ad assaggiare e a soffermarsi tra gli stand di vino e cibo lungo Wilhelminenstra\u00dfe. Il festival del vino \u00e8 arricchito da un ricco programma cittadino che include un mercatino creativo, un evento ciclistico, attivit\u00e0 per famiglie e l'apertura domenicale dei negozi. I negozi del centro saranno aperti la domenica dalle 13:00 alle 18:00. Oltre 80 marchi al \"Mercato delle Cose Belle\". Una nuova attrazione debutta domenica: il Mercato delle Cose Belle di \u00c5 P\u00c4VI si sposta a Friedensplatz, alla Stazione Centrale e al Carr\u00e9e. Dalle 11:00 alle 18:00, pi\u00f9 di 80 designer e produttori presenteranno prodotti artigianali, dalla moda ai gioielli, fino agli accessori per la casa. Food truck, bevande e un programma per famiglie completano il mercatino creativo. Nell'ex McDonald's inizia una super svendita. Sempre domenica, prendono il via i super saldi dei negozi pi\u00f9 alla moda di Darmstadt. Nell'ex McDonald's di Ernst-Ludwig-Stra\u00dfe 26, quattro noti negozi svuotano il magazzino offrendo abbigliamento e streetwear a prezzi scontati. La svendita si svolge dal 6 al 12 settembre, tutti i giorni dalle 13:00 alle 18:00. Tra i negozi partecipanti figurano Agentur Derbe, MAMACITA, P2 e RAILSLIDE. Giornata della bicicletta e mobilit\u00e0 dei bambini al centro dell'attenzione. Domenica, dalle 11:00 alle 16:00, tutto il mercato ruota intorno alle biciclette. Alla 15\u00aa Giornata della bicicletta di Darmstadt, i visitatori potranno trovare un mercatino delle biciclette, la registrazione gratuita delle biciclette, controlli delle biciclette, giri di prova con i risci\u00f2 e la cerimonia di premiazione della campagna STADTRADELN (Ciclismo urbano). Per la prima volta, si terr\u00e0 contemporaneamente una Giornata della Mobilit\u00e0 dei Bambini, che sensibilizzer\u00e0 in modo ludico sulla sicurezza stradale. Il KinderKiste (Scatola dei Bambini) far\u00e0 tappa in centro citt\u00e0. Anche le famiglie troveranno qualcosa di cui divertirsi: il KinderKiste sar\u00e0 al centro commerciale Carree sabato e a Ludwigsplatz domenica. Dalle 13:00 alle 18:00 ogni giorno, saranno disponibili giochi di grandi dimensioni, veicoli, costruzioni e, domenica, truccabimbi per far divertire i bambini. Il Festival del Vino in breve: da gioved\u00ec 3 settembre a domenica 6 settembre: Festival del Vino di Darmstadt in Wilhelminenstra\u00dfe; domenica 6 settembre: Open Sunday (13:00-18:00); domenica, 11:00-18:00: Mercato delle Bellezze; domenica, 11:00-16:00: Giornata dell'Azione in Bicicletta e Giornata della Mobilit\u00e0 dei Bambini; Sabato e domenica, dalle 13:00 alle 18:00: KinderKiste in centro citt\u00e0 (DARMSTADT \u2013 RED\/PM\/CM) Immagine in evidenza: Nouki Ehlers"}

Vino, shopping e attività per famiglie dal 3 al 6 settembre – apertura domenicale dei negozi dalle 13:00 alle 18:00. Per quattro giorni, il centro di Darmstadt si trasformerà ancora una volta in un paradiso di delizie culinarie ed esperienze: da giovedì 3 settembre a domenica 6 settembre, il Darmstadt Wine Festival invita i visitatori ad assaggiare e a soffermarsi tra gli stand di vino e cibo lungo Wilhelminenstraße. Il festival del vino è arricchito da un ricco programma cittadino che include un mercatino creativo, un evento ciclistico, attività per famiglie e l'apertura domenicale dei negozi. I negozi del centro saranno aperti la domenica dalle 13:00 alle 18:00. Oltre 80 marchi al "Mercato delle Cose Belle". Una nuova attrazione debutta domenica: il Mercato delle Cose Belle di Å PÄVI si sposta a Friedensplatz, alla Stazione Centrale e al Carrée. Dalle 11:00 alle 18:00, più di 80 designer e produttori presenteranno prodotti artigianali, dalla moda ai gioielli, fino agli accessori per la casa. Food truck, bevande e un programma per famiglie completano il mercatino creativo. Nell'ex McDonald's inizia una super svendita. Sempre domenica, prendono il via i super saldi dei negozi più alla moda di Darmstadt. Nell'ex McDonald's di Ernst-Ludwig-Straße 26, quattro noti negozi svuotano il magazzino offrendo abbigliamento e streetwear a prezzi scontati. La svendita si svolge dal 6 al 12 settembre, tutti i giorni dalle 13:00 alle 18:00. Tra i negozi partecipanti figurano Agentur Derbe, MAMACITA, P2 e RAILSLIDE. Giornata della bicicletta e mobilità dei bambini al centro dell'attenzione. Domenica, dalle 11:00 alle 16:00, tutto il mercato ruota intorno alle biciclette. Alla 15ª Giornata della bicicletta di Darmstadt, i visitatori potranno trovare un mercatino delle biciclette, la registrazione gratuita delle biciclette, controlli delle biciclette, giri di prova con i risciò e la cerimonia di premiazione della campagna STADTRADELN (Ciclismo urbano). Per la prima volta, si terrà contemporaneamente una Giornata della Mobilità dei Bambini, che sensibilizzerà in modo ludico sulla sicurezza stradale. Il KinderKiste (Scatola dei Bambini) farà tappa in centro città. Anche le famiglie troveranno qualcosa di cui divertirsi: il KinderKiste sarà al centro commerciale Carree sabato e a Ludwigsplatz domenica. Dalle 13:00 alle 18:00 ogni giorno, saranno disponibili giochi di grandi dimensioni, veicoli, costruzioni e, domenica, truccabimbi per far divertire i bambini. Il Festival del Vino in breve: da giovedì 3 settembre a domenica 6 settembre: Festival del Vino di Darmstadt in Wilhelminenstraße; domenica 6 settembre: Open Sunday (13:00-18:00); domenica, 11:00-18:00: Mercato delle Bellezze; domenica, 11:00-16:00: Giornata dell'Azione in Bicicletta e Giornata della Mobilità dei Bambini; Sabato e domenica, dalle 13:00 alle 18:00: KinderKiste in centro città (DARMSTADT – RED/PM/CM) Immagine in evidenza: Nouki Ehlers
