{"version":"1.0","provider_name":"da.news","provider_url":"https:\/\/da.news\/pl\/","title":"Radosny koncert organowy na Festiwalu Wina w Darmstadt w St. Ludwig - da.news","type":"rich","width":600,"height":338,"html":"<blockquote class=\"wp-embedded-content\" data-secret=\"iggEidnde4\"><a href=\"https:\/\/da.news\/pl\/radosny-koncert-organowy-na-festiwalu-winiarskim-w-darmstadt-w-st.-ludwig\/\">Radosny koncert organowy z okazji Festiwalu Wina w Darmstadt w St. Ludwig<\/a><\/blockquote><iframe sandbox=\"allow-scripts\" security=\"restricted\" src=\"https:\/\/da.news\/pl\/radosny-koncert-organowy-na-festiwalu-winiarskim-w-darmstadt-w-st.-ludwig\/osadzac\/#?secret=iggEidnde4\" width=\"600\" height=\"338\" title=\"&#x201E;Radosny koncert organowy na Festiwalu Wina w Darmstadt w St. Ludwig&#x201D; &#x2013; da.news\" data-secret=\"iggEidnde4\" frameborder=\"0\" marginwidth=\"0\" marginheight=\"0\" scrolling=\"no\" class=\"wp-embedded-content\"><\/iframe><script>\n\/*! This file is auto-generated *\/\n!function(d,l){\"use strict\";l.querySelector&&d.addEventListener&&\"undefined\"!=typeof URL&&(d.wp=d.wp||{},d.wp.receiveEmbedMessage||(d.wp.receiveEmbedMessage=function(e){var t=e.data;if((t||t.secret||t.message||t.value)&&!\/[^a-zA-Z0-9]\/.test(t.secret)){for(var s,r,n,a=l.querySelectorAll('iframe[data-secret=\"'+t.secret+'\"]'),o=l.querySelectorAll('blockquote[data-secret=\"'+t.secret+'\"]'),c=new RegExp(\"^https?:$\",\"i\"),i=0;i<o.length;i++)o[i].style.display=\"none\";for(i=0;i<a.length;i++)s=a[i],e.source===s.contentWindow&&(s.removeAttribute(\"style\"),\"height\"===t.message?(1e3<(r=parseInt(t.value,10))?r=1e3:~~r<200&&(r=200),s.height=r):\"link\"===t.message&&(r=new URL(s.getAttribute(\"src\")),n=new URL(t.value),c.test(n.protocol))&&n.host===r.host&&l.activeElement===s&&(d.top.location.href=t.value))}},d.addEventListener(\"message\",d.wp.receiveEmbedMessage,!1),l.addEventListener(\"DOMContentLoaded\",function(){for(var e,t,s=l.querySelectorAll(\"iframe.wp-embedded-content\"),r=0;r<s.length;r++)(t=(e=s[r]).getAttribute(\"data-secret\"))||(t=Math.random().toString(36).substring(2,12),e.src+=\"#?secret=\"+t,e.setAttribute(\"data-secret\",t)),e.contentWindow.postMessage({message:\"ready\",secret:t},\"*\")},!1)))}(window,document);\n\/\/# sourceURL=https:\/\/da.news\/wp-includes\/js\/wp-embed.min.js\n<\/script>\n","thumbnail_width":3024,"thumbnail_height":4032,"description":"Otto Maria Kr\u00e4mer improwizuje 5 wrze\u015bnia. Koncert organowy odb\u0119dzie si\u0119 w ko\u015bciele \u015bw. Ludwika w sobot\u0119, 5 wrze\u015bnia 2026 roku, o godzinie 18:00 w ramach Festiwalu Wina w Darmstadt. Koncert zatytu\u0142owany \u201eW szale d\u017awi\u0119k\u00f3w\u201d (In a Frenzy of Sound) b\u0119dzie go\u015bciem Otto Maria Kr\u00e4mera graj\u0105cego na organach Winterhalter w ko\u015bciele w Darmstadt. Wst\u0119p wolny; mile widziane s\u0105 datki. Ten tradycyjny koncert festiwalu wina \u0142\u0105czy radosne i \u017cywio\u0142owe utwory z melancholijnymi melodiami. Improwizacja odgrywa g\u0142\u00f3wn\u0105 rol\u0119, a Kr\u00e4mer uwzgl\u0119dnia sugestie publiczno\u015bci i opracowuje wybrane melodie na organach. Pro\u015bby o melodie na koncert organowy w ko\u015bciele \u015bw. Ludwika: Osoby zainteresowane konkretn\u0105 melodi\u0105 mog\u0105 przes\u0142a\u0107 swoje pro\u015bby e-mailem na adres sandau@st-ludwig-darmstadt.de przed koncertem. Alternatywnie, widzowie mog\u0105 zg\u0142asza\u0107 swoje sugestie przy wej\u015bciu do 15 minut przed rozpocz\u0119ciem koncertu. W takim przypadku organizatorzy zalecaj\u0105 zapoznanie si\u0119 z przyk\u0142adowym utworem muzycznym. Koncert jest cz\u0119\u015bci\u0105 tygodni organowych, kt\u00f3re odbywaj\u0105 si\u0119 we wsp\u00f3\u0142pracy z miastem Darmstadt oraz w ramach Lata Kulturalnego Po\u0142udniowej Hesji. Tygodnie organowe s\u0105 finansowane przez Ministerstwo Nauki i Sztuki Hesji oraz wspierane przez Fundacj\u0119 Kultury Sparkasse Hesji-Turyngii. Wst\u0119p wolny; mile widziane s\u0105 datki. (RED\/PM\/Kantor Regionalny Jorin Sandau)"}

Otto Maria Krämer improwizuje 5 września. Koncert organowy odbędzie się w kościele św. Ludwika w sobotę, 5 września 2026 roku, o godzinie 18:00 w ramach Festiwalu Wina w Darmstadt. Koncert zatytułowany „W szale dźwięków” (In a Frenzy of Sound) będzie gościem Otto Maria Krämera grającego na organach Winterhalter w kościele w Darmstadt. Wstęp wolny; mile widziane są datki. Ten tradycyjny koncert festiwalu wina łączy radosne i żywiołowe utwory z melancholijnymi melodiami. Improwizacja odgrywa główną rolę, a Krämer uwzględnia sugestie publiczności i opracowuje wybrane melodie na organach. Prośby o melodie na koncert organowy w kościele św. Ludwika: Osoby zainteresowane konkretną melodią mogą przesłać swoje prośby e-mailem na adres sandau@st-ludwig-darmstadt.de przed koncertem. Alternatywnie, widzowie mogą zgłaszać swoje sugestie przy wejściu do 15 minut przed rozpoczęciem koncertu. W takim przypadku organizatorzy zalecają zapoznanie się z przykładowym utworem muzycznym. Koncert jest częścią tygodni organowych, które odbywają się we współpracy z miastem Darmstadt oraz w ramach Lata Kulturalnego Południowej Hesji. Tygodnie organowe są finansowane przez Ministerstwo Nauki i Sztuki Hesji oraz wspierane przez Fundację Kultury Sparkasse Hesji-Turyngii. Wstęp wolny; mile widziane są datki. (RED/PM/Kantor Regionalny Jorin Sandau)
