{"version":"1.0","provider_name":"da.news","provider_url":"https:\/\/da.news\/pl\/","title":"Teatr Tromm Court w AGORA Darmstadt - da.news","type":"rich","width":600,"height":338,"html":"<blockquote class=\"wp-embedded-content\" data-secret=\"eKTyoPwK05\"><a href=\"https:\/\/da.news\/pl\/hof-theatre-tromm-w-agora-darmstadt\/\">Teatr Tromm Court w AGORA Darmstadt<\/a><\/blockquote><iframe sandbox=\"allow-scripts\" security=\"restricted\" src=\"https:\/\/da.news\/pl\/hof-theatre-tromm-w-agora-darmstadt\/osadzac\/#?secret=eKTyoPwK05\" width=\"600\" height=\"338\" title=\"&#x201E;Hof-Theater Tromm im AGORA Darmstadt&#x201D; &#x2013; da.news\" data-secret=\"eKTyoPwK05\" frameborder=\"0\" marginwidth=\"0\" marginheight=\"0\" scrolling=\"no\" class=\"wp-embedded-content\"><\/iframe><script type=\"text\/javascript\">\n\/* <![CDATA[ *\/\n\/*! This file is auto-generated *\/\n!function(d,l){\"use strict\";l.querySelector&&d.addEventListener&&\"undefined\"!=typeof URL&&(d.wp=d.wp||{},d.wp.receiveEmbedMessage||(d.wp.receiveEmbedMessage=function(e){var t=e.data;if((t||t.secret||t.message||t.value)&&!\/[^a-zA-Z0-9]\/.test(t.secret)){for(var s,r,n,a=l.querySelectorAll('iframe[data-secret=\"'+t.secret+'\"]'),o=l.querySelectorAll('blockquote[data-secret=\"'+t.secret+'\"]'),c=new RegExp(\"^https?:$\",\"i\"),i=0;i<o.length;i++)o[i].style.display=\"none\";for(i=0;i<a.length;i++)s=a[i],e.source===s.contentWindow&&(s.removeAttribute(\"style\"),\"height\"===t.message?(1e3<(r=parseInt(t.value,10))?r=1e3:~~r<200&&(r=200),s.height=r):\"link\"===t.message&&(r=new URL(s.getAttribute(\"src\")),n=new URL(t.value),c.test(n.protocol))&&n.host===r.host&&l.activeElement===s&&(d.top.location.href=t.value))}},d.addEventListener(\"message\",d.wp.receiveEmbedMessage,!1),l.addEventListener(\"DOMContentLoaded\",function(){for(var e,t,s=l.querySelectorAll(\"iframe.wp-embedded-content\"),r=0;r<s.length;r++)(t=(e=s[r]).getAttribute(\"data-secret\"))||(t=Math.random().toString(36).substring(2,12),e.src+=\"#?secret=\"+t,e.setAttribute(\"data-secret\",t)),e.contentWindow.postMessage({message:\"ready\",secret:t},\"*\")},!1)))}(window,document);\n\/\/# sourceURL=https:\/\/da.news\/wp-includes\/js\/wp-embed.min.js\n\/* ]]> *\/\n<\/script>\n","thumbnail_width":973,"thumbnail_height":608,"description":"J\u00fcrgen Fl\u00fcgge wykonuje spektakl \u201eEdith i Mina\u201d. Histori\u0119 przyja\u017ani, spisan\u0105, opowiedzian\u0105 i odegran\u0105 przez J\u00fcrgena Fl\u00fcgge, mo\u017cna obejrze\u0107 w kinie AGORA niedaleko dworca Ostbahnhof. Syn Miny znajduje na strychu star\u0105 walizk\u0119 pe\u0142n\u0105 list\u00f3w i poczt\u00f3wek z lat 1934-1950. Znajduj\u0105 si\u0119 tam r\u00f3wnie\u017c zdj\u0119cia w starych kopertach, na znaczkach widniej\u0105 portrety Hitlera i Heussa. W\u015br\u00f3d nich s\u0105 listy i kartki z USA, pisane przez \u017cydowskich przyjaci\u00f3\u0142, kt\u00f3rzy musieli ucieka\u0107 przed nazistami. Budz\u0105 si\u0119 wspomnienia matki i jej m\u0142odo\u015bci w Stockstadt w regionie Ried w po\u0142udniowej Hesji, kt\u00f3ra ukszta\u0142towa\u0142a r\u00f3wnie\u017c jego w\u0142asn\u0105 m\u0142odo\u015b\u0107. Wspomnienia o przyja\u017ani z Edith i jej rodzin\u0105, u kt\u00f3rej Mina pracowa\u0142a jako pokoj\u00f3wka, a tak\u017ce o brutalnym \u017cyciu codziennym \u017cydowskiej rodziny po doj\u015bciu nazist\u00f3w do w\u0142adzy. Ale tak\u017ce wspomnienia g\u0142\u0119bokiej przyja\u017ani mi\u0119dzy Edith i Min\u0105. Wszystko to jest pokazane i udokumentowane oryginalnymi dokumentami z walizki Miny. Historie i anegdoty przeplataj\u0105 si\u0119, tworz\u0105c spektakl o przyja\u017ani pr\u00f3buj\u0105cej uciec od codzienno\u015bci nazistowskiego \u017cycia. Czwartek, 6 lutego, godz. 20:00, Agora-Kultur am Ostbahnhof, Erbacher Str. 89, Darmstadt. Wst\u0119p: 12 euro, ulgowy 8 euro \u2013 reservierung@agora-da.de"}

Jürgen Flügge wykonuje spektakl „Edith i Mina”. Historię przyjaźni, spisaną, opowiedzianą i odegraną przez Jürgena Flügge, można obejrzeć w kinie AGORA niedaleko dworca Ostbahnhof. Syn Miny znajduje na strychu starą walizkę pełną listów i pocztówek z lat 1934-1950. Znajdują się tam również zdjęcia w starych kopertach, na znaczkach widnieją portrety Hitlera i Heussa. Wśród nich są listy i kartki z USA, pisane przez żydowskich przyjaciół, którzy musieli uciekać przed nazistami. Budzą się wspomnienia matki i jej młodości w Stockstadt w regionie Ried w południowej Hesji, która ukształtowała również jego własną młodość. Wspomnienia o przyjaźni z Edith i jej rodziną, u której Mina pracowała jako pokojówka, a także o brutalnym życiu codziennym żydowskiej rodziny po dojściu nazistów do władzy. Ale także wspomnienia głębokiej przyjaźni między Edith i Miną. Wszystko to jest pokazane i udokumentowane oryginalnymi dokumentami z walizki Miny. Historie i anegdoty przeplatają się, tworząc spektakl o przyjaźni próbującej uciec od codzienności nazistowskiego życia. Czwartek, 6 lutego, godz. 20:00, Agora-Kultur am Ostbahnhof, Erbacher Str. 89, Darmstadt. Wstęp: 12 euro, ulgowy 8 euro – reservierung@agora-da.de
