{"version":"1.0","provider_name":"da.news","provider_url":"https:\/\/da.news\/pl\/","title":"Akcja zbi\u00f3rki \u015bmieci w Eberstadt-S\u00fcd 14 marca - da.news","type":"rich","width":600,"height":338,"html":"<blockquote class=\"wp-embedded-content\" data-secret=\"KA8D2K5jGC\"><a href=\"https:\/\/da.news\/pl\/akcja-zbiorki-smieci-w-eberstadt-south-2026\/\">Akcja zbi&#xF3;rki &#x15B;mieci w Eberstadt-S&#xFC;d 14 marca<\/a><\/blockquote><iframe sandbox=\"allow-scripts\" security=\"restricted\" src=\"https:\/\/da.news\/pl\/akcja-zbiorki-smieci-w-eberstadt-south-2026\/osadzac\/#?secret=KA8D2K5jGC\" width=\"600\" height=\"338\" title=\"&#x201E;Akcja zbi&#xF3;rki &#x15B;mieci w Eberstadt-S&#xFC;d 14 marca&#x201D; &#x2013; da.news\" data-secret=\"KA8D2K5jGC\" frameborder=\"0\" marginwidth=\"0\" marginheight=\"0\" scrolling=\"no\" class=\"wp-embedded-content\"><\/iframe><script type=\"text\/javascript\">\n\/* <![CDATA[ *\/\n\/*! This file is auto-generated *\/\n!function(d,l){\"use strict\";l.querySelector&&d.addEventListener&&\"undefined\"!=typeof URL&&(d.wp=d.wp||{},d.wp.receiveEmbedMessage||(d.wp.receiveEmbedMessage=function(e){var t=e.data;if((t||t.secret||t.message||t.value)&&!\/[^a-zA-Z0-9]\/.test(t.secret)){for(var s,r,n,a=l.querySelectorAll('iframe[data-secret=\"'+t.secret+'\"]'),o=l.querySelectorAll('blockquote[data-secret=\"'+t.secret+'\"]'),c=new RegExp(\"^https?:$\",\"i\"),i=0;i<o.length;i++)o[i].style.display=\"none\";for(i=0;i<a.length;i++)s=a[i],e.source===s.contentWindow&&(s.removeAttribute(\"style\"),\"height\"===t.message?(1e3<(r=parseInt(t.value,10))?r=1e3:~~r<200&&(r=200),s.height=r):\"link\"===t.message&&(r=new URL(s.getAttribute(\"src\")),n=new URL(t.value),c.test(n.protocol))&&n.host===r.host&&l.activeElement===s&&(d.top.location.href=t.value))}},d.addEventListener(\"message\",d.wp.receiveEmbedMessage,!1),l.addEventListener(\"DOMContentLoaded\",function(){for(var e,t,s=l.querySelectorAll(\"iframe.wp-embedded-content\"),r=0;r<s.length;r++)(t=(e=s[r]).getAttribute(\"data-secret\"))||(t=Math.random().toString(36).substring(2,12),e.src+=\"#?secret=\"+t,e.setAttribute(\"data-secret\",t)),e.contentWindow.postMessage({message:\"ready\",secret:t},\"*\")},!1)))}(window,document);\n\/\/# sourceURL=https:\/\/da.news\/wp-includes\/js\/wp-embed.min.js\n\/* ]]> *\/\n<\/script>\n","thumbnail_width":2560,"thumbnail_height":1703,"description":"Centrum Caritas zaprasza na akcj\u0119 sprz\u0105tania w Eberstadt. Centrum Caritas Eberstadt Po\u0142udnie organizuje zbi\u00f3rk\u0119 \u015bmieci w dzielnicy Eberstadt-Po\u0142udnie w sobot\u0119 14 marca 2026 r. Rozpocznie si\u0119 ona o godzinie 10:00 przed Centrum Caritas przy Kirchtanne 33. Wydarzenie zako\u0144czy si\u0119 oko\u0142o godziny 12:30 posi\u0142kiem z podzi\u0119kowaniami w Caf\u00e9 (N)Immersatt. Celem wydarzenia jest wsp\u00f3lne zademonstrowanie zaanga\u017cowania w ochron\u0119 \u015brodowiska i zr\u00f3wnowa\u017cony rozw\u00f3j, a tak\u017ce wzmocnienie ducha wsp\u00f3lnoty. Zapraszamy mieszka\u0144c\u00f3w, szko\u0142y, kluby i inne zainteresowane strony do udzia\u0142u. Wsparcie lokalnych partner\u00f3w: Akcja zbierania \u015bmieci jest mo\u017cliwa dzi\u0119ki wsparciu kilku partner\u00f3w, w tym Bauverein AG, wydzia\u0142u us\u0142ug komunalnych, Fundacji Wilhelma Emmanuela von Kettelera i KatholischLebenEberstadt e.V. Zapewniaj\u0105 oni wsparcie finansowe i rzeczowe, aby zapewni\u0107 sukces wydarzenia. Co wi\u0119cej, inicjatywa opiera si\u0119 na zaanga\u017cowaniu licznych wolontariuszy i darczy\u0144c\u00f3w, kt\u00f3rzy pomagaj\u0105 w planowaniu i realizacji. Kampania zbierania \u015bmieci jest cz\u0119\u015bci\u0105 dzia\u0142a\u0144 maj\u0105cych na celu utrzymanie czysto\u015bci w Eberstadt w spos\u00f3b zr\u00f3wnowa\u017cony i dalsze wzmacnianie \u015bwiadomo\u015bci ekologicznej w powiecie. (RED\/PM)"}

Akcja zbiórki śmieci w Eberstadt-Süd 14 marca - da.news

Centrum Caritas zaprasza na akcję sprzątania w Eberstadt. Centrum Caritas Eberstadt Południe organizuje zbiórkę śmieci w dzielnicy Eberstadt-Południe w sobotę 14 marca 2026 r. Rozpocznie się ona o godzinie 10:00 przed Centrum Caritas przy Kirchtanne 33. Wydarzenie zakończy się około godziny 12:30 posiłkiem z podziękowaniami w Café (N)Immersatt. Celem wydarzenia jest wspólne zademonstrowanie zaangażowania w ochronę środowiska i zrównoważony rozwój, a także wzmocnienie ducha wspólnoty. Zapraszamy mieszkańców, szkoły, kluby i inne zainteresowane strony do udziału. Wsparcie lokalnych partnerów: Akcja zbierania śmieci jest możliwa dzięki wsparciu kilku partnerów, w tym Bauverein AG, wydziału usług komunalnych, Fundacji Wilhelma Emmanuela von Kettelera i KatholischLebenEberstadt e.V. Zapewniają oni wsparcie finansowe i rzeczowe, aby zapewnić sukces wydarzenia. Co więcej, inicjatywa opiera się na zaangażowaniu licznych wolontariuszy i darczyńców, którzy pomagają w planowaniu i realizacji. Kampania zbierania śmieci jest częścią działań mających na celu utrzymanie czystości w Eberstadt w sposób zrównoważony i dalsze wzmacnianie świadomości ekologicznej w powiecie. (RED/PM)
